6220 is divided by 1911.
487
What is the remainder when 4703235 is divided by 502?
499
What is the remainder when 8027677 is divided by 34?
5
What is the remainder when 738320 is divided by 6595?
6275
Calculate the remainder when 268828 is divided by 1098.
916
What is the remainder when 42709600 is divided by 761?
758
Calculate the remainder when 5395602 is divided by 269.
0
Calculate the remainder when 1018223 is divided by 145.
33
What is the remainder when 90791 is divided by 18148?
51
Calculate the remainder when 29547717 is divided by 4527.
4515
What is the remainder when 46930205 is divided by 1924?
1921
Calculate the remainder when 855365 is divided by 1620.
5
What is the remainder when 148678 is divided by 42?
40
What is the remainder when 10552735 is divided by 547?
11
Calculate the remainder when 37117 is divided by 18470.
177
Calculate the remainder when 8540795 is divided by 12414.
12377
What is the remainder when 195559 is divided by 222?
199
What is the remainder when 3128754 is divided by 134?
122
What is the remainder when 39515 is divided by 898?
3
Calculate the remainder when 87558 is divided by 14498.
570
Calculate the remainder when 21282908 is divided by 4131.
4127
What is the remainder when 2584694 is divided by 369241?
7
Calculate the remainder when 1056250 is divided by 1127.
251
What is the remainder when 719080 is divided by 26?
24
What is the remainder when 28247 is divided by 12978?
2291
What is the remainder when 155103 is divided by 6735?
198
What is the remainder when 68811 is divided by 4042?
97
Calculate the remainder when 77704 is divided by 35634.
6436
Calculate the remainder when 9307567 is divided by 1059.
16
What is the remainder when 1759862 is divided by 125703?
20
What is the remainder when 1600097 is divided by 776?
761
What is the remainder when 15279 is divided by 151?
28
Calculate the remainder when 3144551 is divided by 14694.
35
Calculate the remainder when 70173 is divided by 706.
279
What is the remainder when 105990428 is divided by 12?
8
Calculate the remainder when 5745859 is divided by 79.
31
What is the remainder when 999385 is divided by 90853?
2
What is the remainder when 4905427 is divided by 920?
907
Calculate the remainder when 1813113 is divided by 755.
358
Calculate the remainder when 64817 is divided by 30828.
3161
Calculate the remainder when 2110026 is divided by 489.
480
Calculate the remainder when 4838467 is divided by 724.
699
What is the remainder when 2069858 is divided by 68994?
38
What is the remainder when 305254 is divided by 2671?
760
What is the remainder when 182927701 is divided by 25?
1
What is the remainder when 14881 is divided by 14695?
186
What is the remainder when 4673884 is divided by 233678?
324
What is the remainder when 31309798 is divided by 3349?
3346
What is the remainder when 14639024 is divided by 194?
172
Calculate the remainder when 5107687 is divided by 1702560.
7
What is the remainder when 144926723 is divided by 25?
23
What is the remainder when 72113186 is divided by 2094?
14
What is the remainder when 1913450 is divided by 239148?
266
Calculate the remainder when 64699 is divided by 20521.
3136
What is the remainder when 138953 is divided by 5146?
11
Calculate the remainder when 30985205 is divided by 29.
10
What is the remainder when 1238516 is divided by 2154?
2120
Calculate the remainder when 54837 is divided by 300.
237
What is the remainder when 3337724 is divided by 98168?
12
What is the remainder when 58183772 is divided by 532?
528
What is the remainder when 1533755 is divided by 219104?
27
What is the remainder when 7425998 is divided by 140?
118
What is the remainder when 113550037 is divided by 2927?
2926
Calculate the remainder when 9056335 is divided by 6169.
243
Calculate the remainder when 6133606 is divided by 438114.
10
What is the remainder when 1416966 is divided by 1417?
1383
Calculate the remainder when 143717 is divided by 2566.
21
Calculate the remainder when 61593 is divided by 109.
8
Calculate the remainder when 62903 is divided by 12569.
58
Calculate the remainder when 276436272 is divided by 4793.
4790
What is the remainder when 93583317 is divided by 345?
342
Calculate the remainder when 431949 is divided by 143928.
165
What is the remainder when 10396758 is divided by 28?
22
Calculate the remainder when 160399 is divided by 1620.
19
What is the remainder when 1686810 is divided by 29593?
9
Calculate the remainder when 16445 is divided by 16335.
110
Calculate the remainder when 3102423 is divided by 7334.
141
Calculate the remainder when 5490999 is divided by 94.
83
What is the remainder when 117388 is divided by 1565?
13
Calculate the remainder when 287958 is divided by 2346.
1746
Calculate the remainder when 13391 is divided by 1213.
48
What is the remainder when 19587845 is divided by 6?
5
Calculate the remainder when 27999 is divided by 13229.
1541
What is the remainder when 197311819 is divided by 244?
243
Calculate the remainder when 4238439 is divided by 1355.
1354
What is the remainder when 66856 is divided by 371?
76
What is the remainder when 384671 is divided by 8942?
165
What is the remainder when 2223374 is divided by 4582?
1104
Calculate the remainder when 329587 is divided by 41.
29
What is the remainder when 266133 is divided by 4585?
203
Calculate the remainder when 416754 is divided by 138879.
117
Calculate the remainder when 103755 is divided by 2800.
155
What is the remainder when 260619160 is divided by 86873053?
1
Calculate the remainder when 423085 is divided by 1459.
1434
Calculate the remainder when 130106 is divided by 25715.
1531
Calculate the remainder when 2223051 is divided by 5207.
4869
What is the remainder when 183187 is divided by 939?
82
Calculate the remainder when 38571 is divided by 5493.
120
What is the remainder when 177789 is divided by 177589?
200
Calculate the remainder when 39952780 is divided by 2022.
82
Calculate the remainder when 1094192 is divided by 2333.
15
What is the remainder when 353124 is divided by 1571?
1220
What is the remainder when 113419 is divided by 2100?
19
Calculate the remainder when 15481934 is divided by 96161.
13
Calculate the remainder when 288863 is divided by 1378.
861
What is the remainder when 1933071 is divided by 966532?
7
Calculate the remainder when 82126 is divided by 3312.
2638
Calculate the remainder when 774031 is divided by 434.
209
Calculate the remainder when 29106545 is divided by 113255.
10
Calculate the remainder when 15011002 is divided by 187.
138
What is the remainder when 35796 is divided by 4889?
1573
What is the remainder when 48007678 is divided by 96?
94
What is the remainder when 3048572 is divided by 2575?
2347
What is the remainder when 185235 is divided by 92617?
1
Calculate the remainder when 1646871 is divided by 329371.
16
Calculate the remainder when 58671869 is divided by 56.
53
What is the remainder when 708349 is divided by 117988?
421
What is the remainder when 2379110 is divided by 48?
38
Calculate the remainder when 101557 is divided by 50672.
213
What is the remainder when 186262187 is divided by 84?
83
What is the remainder when 5678979 is divided by 43?
12
Calculate the remainder when 2646474 is divided by 330790.
154
Calculate the remainder when 99539 is divided by 599.
105
Calculate the remainder when 115716831 is divided by 2156.
2155
Calculate the remainder when 1468251 is divided by 611.
18
What is the remainder when 415438 is divided by 51927?
22
What is the remainder when 28340 is divided by 23821?
4519
Calculate the remainder when 3871965 is divided by 34.
11
What is the remainder when 344120 is divided by 109736?
14912
Calculate the remainder when 263852830 is divided by 721.
717
Calculate the remainder when 26577410 is divided by 917.
916
What is the remainder when 79881 is divided by 382?
43
Calculate the remainder when 10514173 is divided by 6419.
6270
What is the remainder when 189083 is divided by 459?
434
What is the remainder when 466954 is divided by 93357?
169
What is the remainder when 89168 is divided by 4242?
86
What is the remainder when 25404106 is divided by 247?
156
What is the remainder when 25937 is divided by 3217?
201
What is the remainder when 50136364 is divided by 1823